{"version":"1.0","provider_name":"Svatov\u00e1clavsk\u00fd hudebn\u00ed festival","provider_url":"https:\/\/shf.cz\/pl\/","author_name":"igorfran","author_url":"https:\/\/shf.cz\/pl\/author\/igorfran\/","title":"Mlad\u00ed brn\u011bn\u0161t\u00ed symfonikov\u00e9 &#8212; Svatov\u00e1clavsk\u00fd hudebn\u00ed festival","type":"rich","width":600,"height":338,"html":"<blockquote class=\"wp-embedded-content\" data-secret=\"OnychF2MDY\"><a href=\"https:\/\/shf.cz\/pl\/artysta\/mladi-brnensti-symfonikove\/\">Mlad\u00ed brn\u011bn\u0161t\u00ed symfonikov\u00e9<\/a><\/blockquote><iframe sandbox=\"allow-scripts\" security=\"restricted\" src=\"https:\/\/shf.cz\/pl\/artysta\/mladi-brnensti-symfonikove\/embed\/#?secret=OnychF2MDY\" width=\"600\" height=\"338\" title=\"&#8222;Mlad\u00ed brn\u011bn\u0161t\u00ed symfonikov\u00e9&#8221; &#8212; Svatov\u00e1clavsk\u00fd hudebn\u00ed festival\" data-secret=\"OnychF2MDY\" frameborder=\"0\" marginwidth=\"0\" marginheight=\"0\" scrolling=\"no\" class=\"wp-embedded-content\"><\/iframe><script type=\"text\/javascript\">\n\/* <![CDATA[ *\/\n\/*! This file is auto-generated *\/\n!function(d,l){\"use strict\";l.querySelector&&d.addEventListener&&\"undefined\"!=typeof URL&&(d.wp=d.wp||{},d.wp.receiveEmbedMessage||(d.wp.receiveEmbedMessage=function(e){var t=e.data;if((t||t.secret||t.message||t.value)&&!\/[^a-zA-Z0-9]\/.test(t.secret)){for(var s,r,n,a=l.querySelectorAll('iframe[data-secret=\"'+t.secret+'\"]'),o=l.querySelectorAll('blockquote[data-secret=\"'+t.secret+'\"]'),c=new RegExp(\"^https?:$\",\"i\"),i=0;i<o.length;i++)o[i].style.display=\"none\";for(i=0;i<a.length;i++)s=a[i],e.source===s.contentWindow&&(s.removeAttribute(\"style\"),\"height\"===t.message?(1e3<(r=parseInt(t.value,10))?r=1e3:~~r<200&&(r=200),s.height=r):\"link\"===t.message&&(r=new URL(s.getAttribute(\"src\")),n=new URL(t.value),c.test(n.protocol))&&n.host===r.host&&l.activeElement===s&&(d.top.location.href=t.value))}},d.addEventListener(\"message\",d.wp.receiveEmbedMessage,!1),l.addEventListener(\"DOMContentLoaded\",function(){for(var e,t,s=l.querySelectorAll(\"iframe.wp-embedded-content\"),r=0;r<s.length;r++)(t=(e=s[r]).getAttribute(\"data-secret\"))||(t=Math.random().toString(36).substring(2,12),e.src+=\"#?secret=\"+t,e.setAttribute(\"data-secret\",t)),e.contentWindow.postMessage({message:\"ready\",secret:t},\"*\")},!1)))}(window,document);\n\/\/# sourceURL=https:\/\/shf.cz\/wp-includes\/js\/wp-embed.min.js\n\/* ]]> *\/\n<\/script>\n","thumbnail_url":"https:\/\/shf.cz\/wp-content\/uploads\/2024\/08\/Mladi-brnensti-sym_web-1024x397.png","thumbnail_width":1024,"thumbnail_height":397,"description":"Tento orchestr sdruz\u030cuje z\u030ca\u0301ky Za\u0301kladni\u0301ch ume\u030clecky\u0301ch s\u030ckol me\u030csta Brna. V letos\u030cni\u0301 sezone\u030c oslavi\u0301 30. vy\u0301roc\u030ci\u0301 od sve\u0301ho zaloz\u030ceni\u0301. Jiz\u030c od poc\u030ca\u0301tku se soustr\u030cedi\u0301 na symfonickou tvorbu. Kaz\u030cdoroc\u030cne\u030c pr\u030cipravuje objevnou dramaturgii"}

Svatováclavský hudební festival

Mladí brněnští symfonikové &#8212; Svatováclavský hudební festival

<blockquote class="wp-embedded-content" data-secret="OnychF2MDY"><a href="https://shf.cz/pl/artysta/mladi-brnensti-symfonikove/">Mladí brněnští symfonikové</a></blockquote><iframe sandbox="allow-scripts" security="restricted" src="https://shf.cz/pl/artysta/mladi-brnensti-symfonikove/embed/#?secret=OnychF2MDY" width="600" height="338" title="&#8222;Mladí brněnští symfonikové&#8221; &#8212; Svatováclavský hudební festival" data-secret="OnychF2MDY" frameborder="0" marginwidth="0" marginheight="0" scrolling="no" class="wp-embedded-content"></iframe><script type="text/javascript">
/* <![CDATA[ */
/*! This file is auto-generated */
!function(d,l){"use strict";l.querySelector&&d.addEventListener&&"undefined"!=typeof URL&&(d.wp=d.wp||{},d.wp.receiveEmbedMessage||(d.wp.receiveEmbedMessage=function(e){var t=e.data;if((t||t.secret||t.message||t.value)&&!/[^a-zA-Z0-9]/.test(t.secret)){for(var s,r,n,a=l.querySelectorAll('iframe[data-secret="'+t.secret+'"]'),o=l.querySelectorAll('blockquote[data-secret="'+t.secret+'"]'),c=new RegExp("^https?:$","i"),i=0;i<o.length;i++)o[i].style.display="none";for(i=0;i<a.length;i++)s=a[i],e.source===s.contentWindow&&(s.removeAttribute("style"),"height"===t.message?(1e3<(r=parseInt(t.value,10))?r=1e3:~~r<200&&(r=200),s.height=r):"link"===t.message&&(r=new URL(s.getAttribute("src")),n=new URL(t.value),c.test(n.protocol))&&n.host===r.host&&l.activeElement===s&&(d.top.location.href=t.value))}},d.addEventListener("message",d.wp.receiveEmbedMessage,!1),l.addEventListener("DOMContentLoaded",function(){for(var e,t,s=l.querySelectorAll("iframe.wp-embedded-content"),r=0;r<s.length;r++)(t=(e=s[r]).getAttribute("data-secret"))||(t=Math.random().toString(36).substring(2,12),e.src+="#?secret="+t,e.setAttribute("data-secret",t)),e.contentWindow.postMessage({message:"ready",secret:t},"*")},!1)))}(window,document);
//# sourceURL=https://shf.cz/wp-includes/js/wp-embed.min.js
/* ]]> */
</script>
